at is the units digit of f(65)?
2
Let a = -14 + 19. Suppose -4*c + u = -973, a*c - 3*u - 1205 = 2*u. What is the units digit of c?
4
Suppose 13*h - 9*h = 728. Suppose 0 = -2*k - 54 - 120. Let t = k + h. What is the tens digit of t?
9
Suppose 64*x - 5 = 65*x + 5*h, 3*x = 2*h - 32. Let y = 67 - 46. What is the tens digit of 2261/y + x/6?
0
Let m be -4 - (-12)/4 - -3. What is the tens digit of -12*(-3 + (-575)/20*m)?
2
Let l(n) = 77*n**3 - 10*n**2 + 33*n + 12. What is the thousands digit of l(3)?
2
Suppose 29*l - 6103461 = -244*l. What is the tens digit of l?
5
Suppose o + 4*c = 0, 5*o - 4*c + 32 = 8*o. Suppose -o*y = -5057 - 6175. What is the units digit of y?
2
Suppose 18*r = -17*r - 33915. Let w = r + 1570. What is the tens digit of w?
0
Let y = 7939 - 353. What is the thousands digit of y?
7
Let o = -2629 + 5080. Suppose 0*i + 3*i = 3*n + o, -3*n + 1654 = 2*i. What is the units digit of i?
1
Let g be 2/3 + 23168/(-48). Let y = -272 - g. What is the hundreds digit of y?
2
Let l be 142 + 0 + 0/13. Suppose -l = 21*q - 23*q. What is the units digit of q?
1
Let j(p) = p**2 + 26*p + 77. Let q be j(-23). Suppose 4*a + 1688 = 4*u, u - q*a = -3*a + 430. What is the units digit of u?
0
Let x = -1977 + 5488. What is the thousands digit of x?
3
Suppose -24628 + 88275 = 10*t - 10383. What is the units digit of t?
3
Let b = -145 + 147. What is the units digit of 14/(-21)*-180*b/3?
0
Suppose 0 = b + 4*t - 2, 0 = 5*b - 3*t + t - 10. Let o(f) = 1 - 5*f - b*f**3 + 8*f**3 - 65*f**2 + 57*f**2. What is the tens digit of o(4)?
3
Let z = 366 + -120. Let u = -3649 + 3706. Suppose -u*m + 55*m = -z. What is the hundreds digit of m?
1
Let z = -7507 + 23297. What is the units digit of z?
0
Suppose -32*p + 34*p - 5*d - 743 = 0, 5*p - 4*d = 1883. What is the hundreds digit of p*(1/4 + (-30)/(-40))?
3
Let p be (-12)/(-16)*(26 - 14). Suppose 0 = 3*l - t - 1726, p*t + 2850 = 5*l + 14*t. What is the tens digit of l?
7
Suppose -1035 = -5*z - 0*z. Suppose 41*l = -161 + 3154. Let x = z - l. What is the hundreds digit of x?
1
Let r = 3944 + 5951. What is the hundreds digit of r?
8
Suppose -967*b = -986*b + 12350. What is the tens digit of b?
5
Suppose -b - 5*g + 13 = 6, -4*b = -2*g - 6. What is the tens digit of 7 + 371 + (8 - b)?
8
Let l(o) = 14*o + 12. Let h be l(0). What is the tens digit of 102 - 2 - (h + -6)?
9
Suppose -j + 917 = -5*w, -4*j + 5896 - 2228 = 2*w. Suppose -4*i + 3*f = -j, -f = -3*i + 882 - 188. What is the hundreds digit of i?
2
Let s be ((1 - 2) + -57)*(-1 - 1). Suppose s = 5*z - 74. Suppose z = t - 1. What is the units digit of t?
9
What is the hundreds digit of 8 - (-26)/(-13) - -4159?
1
Let z be -3 - (4 - 2*-4). Let g = z - -53. What is the hundreds digit of (1*g)/(16/72)?
1
Suppose 6609 = 14*o + 9988 - 111109. What is the hundreds digit of o?
6
Suppose -g = -4*g + 348. Let r = -111 + g. Suppose -11*n + 8*n = -2*f + 551, f + r*n - 243 = 0. What is the units digit of f?
8
Suppose 3*p = -0*p + 3. Let v be (p/1)/((-16)/304). Let r = 40 + v. What is the tens digit of r?
2
Suppose -77*q + 90*q = 1597765. What is the units digit of q/329 + 3/7?
4
Let r(k) = 4*k - 6. Let d be r(2). Suppose -4*y + q = -12 - d, 2*y - q = 8. Let b(x) = 3*x**3 - 7*x**2 - 3*x + 6. What is the units digit of b(y)?
5
Suppose -2*d + 1440 = 10*d. Let t be 35/(-2)*(-288)/d. Let a = 34 + t. What is the units digit of a?
6
Let f(n) = n**3 - 11*n**2 - 27*n + 18. Let s be f(13). Suppose 3*l = -s*l + 24. Suppose l*b + 2327 = 16*b. What is the tens digit of b?
7
Let w be (1 + (-194)/6)*(-288)/(-64). Suppose -796 = -2*v - 2*c, 3*v = -v + 3*c + 1592. Let l = v + w. What is the tens digit of l?
5
Let j = 86 + -82. Let k be j/6 + (90880/(-24))/(-8). Let s = -268 + k. What is the tens digit of s?
0
Let m(j) = -j**2 + 138*j - 56. What is the thousands digit of m(13)?
1
Let m(u) = u**3 + u**2 + 7*u + 11. Let p(k) = 2*k**3 + k**2 + 15*k + 21. Let r(g) = -9*m(g) + 4*p(g). What is the tens digit of r(-6)?
3
Let l = -2480 + 11553. What is the tens digit of l?
7
Suppose -o = -2*q - 12, q - 2*q - 24 = -5*o. Suppose 222 = 2*s - o*l, 4*s - l - 465 = -28. What is the tens digit of s?
0
What is the hundreds digit of ((-3)/(-18))/((-9)/(-616566)) + (-1)/(-9)?
4
Let d(q) = -1 + 506*q**2 + 506*q**2 + 2*q - 1009*q**2 - 14*q**3. Let p be -3 + 1/(-1) + 2. What is the hundreds digit of d(p)?
1
Let i(n) = 401*n**2 - 4*n - 2. Let l be i(-1). Suppose -d + l = -4*j, -d + 1648 = 3*d - 4*j. What is the tens digit of d?
1
Let j = -67 - -76. Suppose -17 = j*q - 8*q. Let b = 5 - q. What is the tens digit of b?
2
Let y = -280 + 282. Let k(v) = 164*v**2 - 11*v + 17. What is the units digit of k(y)?
1
Let t(f) = -44*f**3 + 2*f**2 + f + 6. Let a be t(3). Let o = 1654 + a. What is the hundreds digit of o?
4
Let s be -3*(-1)/4*-12. Suppose 4*y + 10 = 2*t, t + y + 135 - 131 = 0. Let p = t - s. What is the units digit of p?
8
Let w(m) = -76*m + 27. Let u(l) = -l**3 + 11*l**2 + 2*l - 26. Let g be u(11). What is the hundreds digit of w(g)?
3
Let c = -8 + 8. Let j = -203 - -515. Suppose 8*t - 10*t + j = c. What is the hundreds digit of t?
1
What is the thousands digit of 72/16 - 57796/(-8)?
7
Let a(y) = 12*y**2 - 4*y - 7. Let w be ((-18)/(-14) - 1)/((-6)/(-42)). Suppose 7*q - w = 19. What is the units digit of a(q)?
9
Suppose 661*d + 121200 = 669*d. What is the ten thousands digit of d?
1
Let c(u) = -24*u + 5. Let j be c(5). Suppose 0 = 5*t + 11*a - 8*a + 959, -2*t = -2*a + 374. Let b = j - t. What is the tens digit of b?
7
Let k(x) be the first derivative of -17 + 19/2*x**2 - 3*x. What is the tens digit of k(3)?
5
Suppose -5*t = -5*g - 10, -7*t = -4*t + g - 10. Let x be (-55)/((t - -2)/(-5)). Suppose x - 430 = -3*f. What is the units digit of f?
5
Let m(d) = 6783*d**2 + 353*d - 1. What is the ten thousands digit of m(-2)?
2
Let s = 1154 + -694. Suppose 0 = o - 5*g - s, 4*g + 403 = -3*o + 1859. What is the units digit of o?
0
What is the thousands digit of (6/(-15))/(10 + 1433208/(-143320))?
7
Let q = -17 - -9. Let w be 1*2 - (q + 14). What is the units digit of (18/24)/(w/(-96))?
8
Let r(l) = -l**3 - 3*l**2 + 4*l - 231. Let d be r(0). Let p = d + 576. What is the tens digit of p?
4
Suppose -21*x + 30*x - 45 = 0. Suppose x*a - 945 = 2625. What is the tens digit of a?
1
Suppose 6*n - 18 = 2*n - 2*o, o + 9 = n. Let x be (-126)/72 + (-14)/(-8) + 88. Suppose 10*v = n*v + x. What is the tens digit of v?
2
Suppose -5*o = -11*o + 28*o - 278102. What is the units digit of o?
1
Let u = 141 - -422. Suppose 4*n - u = o + 629, -3*n = 4*o - 913. What is the units digit of n?
9
Let x(q) = -q**2 + 6*q - 7. Let k be x(3). Suppose j + 11 + 2 = k*m, -2*m - j = -11. Suppose m*t + 29 - 485 = 0. What is the tens digit of t?
7
Suppose -48 = 5*j - 8. Let g(i) = -95*i - 54. What is the tens digit of g(j)?
0
Let a(l) = l**3 - 7*l**2 + 15*l + 15. Let q be a(7). Let o = -190 + q. What is the units digit of (-3 + 33)/((-15)/o)?
0
Let p(u) = -u + 12. Let x(d) = -6*d + 84. Let f(a) = -15*p(a) + 2*x(a). Let s be f(7). Let t = s + 186. What is the hundreds digit of t?
1
Let a(y) = -306*y + 3377. Let c be a(11). Let l(n) = 6*n**2 - 6*n + 1. Let v be l(5). What is the hundreds digit of (-2)/c + 13574/v?
1
Let x(c) = -12*c + 23. Let t be x(-6). Suppose 2 + 10 = 4*r. Suppose 10 = r*u + 4*i - 54, -5*u = -5*i - t. What is the tens digit of u?
2
Let t(n) = -n**3 - 5*n**2 + 51*n + 15. Let g be t(-10). Suppose -5*l = -61 - 4. Suppose -g*b + 138 = l. What is the units digit of b?
5
Suppose -2*d = 2*d, -4*g + 36 = 2*d. Let p = -7 + 10. Suppose -2*z - z - g = 0, 4*t - p*z = 617. What is the hundreds digit of t?
1
Suppose -139122 - 16131 + 12858 = -15*n. What is the hundreds digit of n?
4
Let d(u) = 59*u**2 - 3. Let m be d(3). Let f be (-17)/34*10 + 586/(-2). Let h = m + f. What is the tens digit of h?
3
Suppose -25 + 1 = -12*y. Suppose -5*u - 5*k + 5 = 0, 2*u + y*k - 1 = k. Suppose -5*a = 2*w - 0*a - 464, u = 5*w + a - 1137. What is the tens digit of w?
2
Let p = 1198 + 40. What is the tens digit of p?
3
Let m = 235 + -243. What is the units digit of (-4)/((-33)/(-44) + 10/m)?
8
Let k(d) = -408*d**3 - 6*d**2 - 4*d + 4. What is the units digit of k(-2)?
2
Suppose 14966 = 2*t - 4*p, 27*p + 37405 = 5*t + 22*p. What is the thousands digit of t?
7
Suppose 214 = -4*w - o - 87, 0 = 2*